{"id":3494,"date":"2025-06-03T19:17:43","date_gmt":"2025-06-03T17:17:43","guid":{"rendered":"https:\/\/bodhinautic.com\/?post_type=product&#038;p=3494"},"modified":"2025-09-24T12:56:04","modified_gmt":"2025-09-24T10:56:04","slug":"rib-ha20-2","status":"publish","type":"product","link":"https:\/\/bodhinautic.com\/tienda\/producto\/rib-ha20-2\/","title":{"rendered":"Honda HA20 + BF80"},"content":{"rendered":"<div id=\"product-description-short-724\" class=\"rte-content product-description\">\n<p>Descubre la m\u00e1xima innovaci\u00f3n con la gama de semirr\u00edgidas Honda 4XC Design. Embarcaciones dise\u00f1adas bajo el acr\u00f3nimo \u00ab4XC\u00bb For Excellence, con accesorios originales Honda y componentes de rigging, todos ellos seleccionados y probados bajo los mismos estandares exigentes que nuestros legendarios motores.<\/p>\n<p>*Semirrigida equipada con motor Honda BF80 y direcci\u00f3n Mec\u00e1nica<\/p>\n<\/div>\n","protected":false},"excerpt":{"rendered":"<p>Descubre la m\u00e1xima innovaci\u00f3n con la gama de semirr\u00edgidas Honda 4XC Design. Embarcaciones dise\u00f1adas bajo el acr\u00f3nimo \u00ab4XC\u00bb For Excellence, con accesorios originales Honda y componentes de rigging, todos ellos seleccionados y probados bajo los mismos estandares exigentes que nuestros legendarios motores. *Semirrigida equipada con motor Honda BF80 y direcci\u00f3n Mec\u00e1nica<\/p>\n","protected":false},"featured_media":3531,"template":"","meta":{"_acf_changed":false,"_joinchat":[]},"product_brand":[],"product_cat":[63,64],"product_tag":[],"class_list":{"0":"post-3494","1":"product","2":"type-product","3":"status-publish","4":"has-post-thumbnail","6":"product_cat-embarcaciones","7":"product_cat-nuevas","9":"first","10":"instock","11":"purchasable","12":"product-type-simple"},"acf":[],"yoast_head":"<!-- This site is optimized with the Yoast SEO plugin v26.9 - https:\/\/yoast.com\/product\/yoast-seo-wordpress\/ -->\n<title>Honda HA20 + BF80 - Bodhinautic<\/title>\n<meta name=\"description\" content=\"Experimenta lo m\u00e1ximo de la innovaci\u00f3n con las semirr\u00edgidas Honda 4XC Design. Fabricadas con precisi\u00f3n y tecnolog\u00eda de vanguardia.\" \/>\n<meta name=\"robots\" content=\"index, follow, max-snippet:-1, max-image-preview:large, max-video-preview:-1\" \/>\n<link rel=\"canonical\" href=\"https:\/\/bodhinautic.com\/tienda\/en\/producto\/rib-ha20-2\/\" \/>\n<meta property=\"og:locale\" content=\"es_ES\" \/>\n<meta property=\"og:type\" content=\"article\" \/>\n<meta property=\"og:title\" content=\"Honda HA20 + BF80 - Bodhinautic\" \/>\n<meta property=\"og:description\" content=\"Experimenta lo m\u00e1ximo de la innovaci\u00f3n con las semirr\u00edgidas Honda 4XC Design. Fabricadas con precisi\u00f3n y tecnolog\u00eda de vanguardia.\" \/>\n<meta property=\"og:url\" content=\"https:\/\/bodhinautic.com\/tienda\/en\/producto\/rib-ha20-2\/\" \/>\n<meta property=\"og:site_name\" content=\"Bodhinautic\" \/>\n<meta property=\"article:modified_time\" content=\"2025-09-24T10:56:04+00:00\" \/>\n<meta property=\"og:image\" content=\"https:\/\/bodhinautic.com\/tienda\/wp-content\/uploads\/2025\/06\/Imagen-de-WhatsApp-2025-06-12-a-las-18.09.44_d43ba4f9.jpg\" \/>\n\t<meta property=\"og:image:width\" content=\"1600\" \/>\n\t<meta property=\"og:image:height\" content=\"900\" \/>\n\t<meta property=\"og:image:type\" content=\"image\/jpeg\" \/>\n<meta name=\"twitter:card\" content=\"summary_large_image\" \/>\n<meta name=\"twitter:label1\" content=\"Tiempo de lectura\" \/>\n\t<meta name=\"twitter:data1\" content=\"1 minuto\" \/>\n<script type=\"application\/ld+json\" class=\"yoast-schema-graph\">{\"@context\":\"https:\/\/schema.org\",\"@graph\":[{\"@type\":\"WebPage\",\"@id\":\"https:\/\/bodhinautic.com\/tienda\/en\/producto\/rib-ha20-2\/\",\"url\":\"https:\/\/bodhinautic.com\/tienda\/en\/producto\/rib-ha20-2\/\",\"name\":\"Honda HA20 + BF80 - Bodhinautic\",\"isPartOf\":{\"@id\":\"https:\/\/bodhinautic.com\/tienda\/#website\"},\"primaryImageOfPage\":{\"@id\":\"https:\/\/bodhinautic.com\/tienda\/en\/producto\/rib-ha20-2\/#primaryimage\"},\"image\":{\"@id\":\"https:\/\/bodhinautic.com\/tienda\/en\/producto\/rib-ha20-2\/#primaryimage\"},\"thumbnailUrl\":\"https:\/\/bodhinautic.com\/tienda\/wp-content\/uploads\/2025\/06\/Imagen-de-WhatsApp-2025-06-12-a-las-18.09.44_d43ba4f9.jpg\",\"datePublished\":\"2025-06-03T17:17:43+00:00\",\"dateModified\":\"2025-09-24T10:56:04+00:00\",\"description\":\"Experimenta lo m\u00e1ximo de la innovaci\u00f3n con las semirr\u00edgidas Honda 4XC Design. Fabricadas con precisi\u00f3n y tecnolog\u00eda de vanguardia.\",\"breadcrumb\":{\"@id\":\"https:\/\/bodhinautic.com\/tienda\/en\/producto\/rib-ha20-2\/#breadcrumb\"},\"inLanguage\":\"es\",\"potentialAction\":[{\"@type\":\"ReadAction\",\"target\":[\"https:\/\/bodhinautic.com\/tienda\/en\/producto\/rib-ha20-2\/\"]}]},{\"@type\":\"ImageObject\",\"inLanguage\":\"es\",\"@id\":\"https:\/\/bodhinautic.com\/tienda\/en\/producto\/rib-ha20-2\/#primaryimage\",\"url\":\"https:\/\/bodhinautic.com\/tienda\/wp-content\/uploads\/2025\/06\/Imagen-de-WhatsApp-2025-06-12-a-las-18.09.44_d43ba4f9.jpg\",\"contentUrl\":\"https:\/\/bodhinautic.com\/tienda\/wp-content\/uploads\/2025\/06\/Imagen-de-WhatsApp-2025-06-12-a-las-18.09.44_d43ba4f9.jpg\",\"width\":1600,\"height\":900},{\"@type\":\"BreadcrumbList\",\"@id\":\"https:\/\/bodhinautic.com\/tienda\/en\/producto\/rib-ha20-2\/#breadcrumb\",\"itemListElement\":[{\"@type\":\"ListItem\",\"position\":1,\"name\":\"Portada\",\"item\":\"https:\/\/bodhinautic.com\/tienda\/\"},{\"@type\":\"ListItem\",\"position\":2,\"name\":\"Tienda\",\"item\":\"https:\/\/bodhinautic.com\/tienda\/\"},{\"@type\":\"ListItem\",\"position\":3,\"name\":\"Honda HA20 + BF80\"}]},{\"@type\":\"WebSite\",\"@id\":\"https:\/\/bodhinautic.com\/tienda\/#website\",\"url\":\"https:\/\/bodhinautic.com\/tienda\/\",\"name\":\"Bodhinautic\",\"description\":\"\",\"publisher\":{\"@id\":\"https:\/\/bodhinautic.com\/tienda\/#organization\"},\"potentialAction\":[{\"@type\":\"SearchAction\",\"target\":{\"@type\":\"EntryPoint\",\"urlTemplate\":\"https:\/\/bodhinautic.com\/tienda\/?s={search_term_string}\"},\"query-input\":{\"@type\":\"PropertyValueSpecification\",\"valueRequired\":true,\"valueName\":\"search_term_string\"}}],\"inLanguage\":\"es\"},{\"@type\":\"Organization\",\"@id\":\"https:\/\/bodhinautic.com\/tienda\/#organization\",\"name\":\"Bodhinautic\",\"url\":\"https:\/\/bodhinautic.com\/tienda\/\",\"logo\":{\"@type\":\"ImageObject\",\"inLanguage\":\"es\",\"@id\":\"https:\/\/bodhinautic.com\/tienda\/#\/schema\/logo\/image\/\",\"url\":\"https:\/\/bodhinautic.com\/wp-content\/uploads\/2024\/01\/BN_LOGO_nuevo.png\",\"contentUrl\":\"https:\/\/bodhinautic.com\/wp-content\/uploads\/2024\/01\/BN_LOGO_nuevo.png\",\"width\":600,\"height\":247,\"caption\":\"Bodhinautic\"},\"image\":{\"@id\":\"https:\/\/bodhinautic.com\/tienda\/#\/schema\/logo\/image\/\"}}]}<\/script>\n<!-- \/ Yoast SEO plugin. -->","yoast_head_json":{"title":"Honda HA20 + BF80 - Bodhinautic","description":"Experimenta lo m\u00e1ximo de la innovaci\u00f3n con las semirr\u00edgidas Honda 4XC Design. Fabricadas con precisi\u00f3n y tecnolog\u00eda de vanguardia.","robots":{"index":"index","follow":"follow","max-snippet":"max-snippet:-1","max-image-preview":"max-image-preview:large","max-video-preview":"max-video-preview:-1"},"canonical":"https:\/\/bodhinautic.com\/tienda\/en\/producto\/rib-ha20-2\/","og_locale":"es_ES","og_type":"article","og_title":"Honda HA20 + BF80 - Bodhinautic","og_description":"Experimenta lo m\u00e1ximo de la innovaci\u00f3n con las semirr\u00edgidas Honda 4XC Design. Fabricadas con precisi\u00f3n y tecnolog\u00eda de vanguardia.","og_url":"https:\/\/bodhinautic.com\/tienda\/en\/producto\/rib-ha20-2\/","og_site_name":"Bodhinautic","article_modified_time":"2025-09-24T10:56:04+00:00","og_image":[{"width":1600,"height":900,"url":"https:\/\/bodhinautic.com\/tienda\/wp-content\/uploads\/2025\/06\/Imagen-de-WhatsApp-2025-06-12-a-las-18.09.44_d43ba4f9.jpg","type":"image\/jpeg"}],"twitter_card":"summary_large_image","twitter_misc":{"Tiempo de lectura":"1 minuto"},"schema":{"@context":"https:\/\/schema.org","@graph":[{"@type":"WebPage","@id":"https:\/\/bodhinautic.com\/tienda\/en\/producto\/rib-ha20-2\/","url":"https:\/\/bodhinautic.com\/tienda\/en\/producto\/rib-ha20-2\/","name":"Honda HA20 + BF80 - Bodhinautic","isPartOf":{"@id":"https:\/\/bodhinautic.com\/tienda\/#website"},"primaryImageOfPage":{"@id":"https:\/\/bodhinautic.com\/tienda\/en\/producto\/rib-ha20-2\/#primaryimage"},"image":{"@id":"https:\/\/bodhinautic.com\/tienda\/en\/producto\/rib-ha20-2\/#primaryimage"},"thumbnailUrl":"https:\/\/bodhinautic.com\/tienda\/wp-content\/uploads\/2025\/06\/Imagen-de-WhatsApp-2025-06-12-a-las-18.09.44_d43ba4f9.jpg","datePublished":"2025-06-03T17:17:43+00:00","dateModified":"2025-09-24T10:56:04+00:00","description":"Experimenta lo m\u00e1ximo de la innovaci\u00f3n con las semirr\u00edgidas Honda 4XC Design. Fabricadas con precisi\u00f3n y tecnolog\u00eda de vanguardia.","breadcrumb":{"@id":"https:\/\/bodhinautic.com\/tienda\/en\/producto\/rib-ha20-2\/#breadcrumb"},"inLanguage":"es","potentialAction":[{"@type":"ReadAction","target":["https:\/\/bodhinautic.com\/tienda\/en\/producto\/rib-ha20-2\/"]}]},{"@type":"ImageObject","inLanguage":"es","@id":"https:\/\/bodhinautic.com\/tienda\/en\/producto\/rib-ha20-2\/#primaryimage","url":"https:\/\/bodhinautic.com\/tienda\/wp-content\/uploads\/2025\/06\/Imagen-de-WhatsApp-2025-06-12-a-las-18.09.44_d43ba4f9.jpg","contentUrl":"https:\/\/bodhinautic.com\/tienda\/wp-content\/uploads\/2025\/06\/Imagen-de-WhatsApp-2025-06-12-a-las-18.09.44_d43ba4f9.jpg","width":1600,"height":900},{"@type":"BreadcrumbList","@id":"https:\/\/bodhinautic.com\/tienda\/en\/producto\/rib-ha20-2\/#breadcrumb","itemListElement":[{"@type":"ListItem","position":1,"name":"Portada","item":"https:\/\/bodhinautic.com\/tienda\/"},{"@type":"ListItem","position":2,"name":"Tienda","item":"https:\/\/bodhinautic.com\/tienda\/"},{"@type":"ListItem","position":3,"name":"Honda HA20 + BF80"}]},{"@type":"WebSite","@id":"https:\/\/bodhinautic.com\/tienda\/#website","url":"https:\/\/bodhinautic.com\/tienda\/","name":"Bodhinautic","description":"","publisher":{"@id":"https:\/\/bodhinautic.com\/tienda\/#organization"},"potentialAction":[{"@type":"SearchAction","target":{"@type":"EntryPoint","urlTemplate":"https:\/\/bodhinautic.com\/tienda\/?s={search_term_string}"},"query-input":{"@type":"PropertyValueSpecification","valueRequired":true,"valueName":"search_term_string"}}],"inLanguage":"es"},{"@type":"Organization","@id":"https:\/\/bodhinautic.com\/tienda\/#organization","name":"Bodhinautic","url":"https:\/\/bodhinautic.com\/tienda\/","logo":{"@type":"ImageObject","inLanguage":"es","@id":"https:\/\/bodhinautic.com\/tienda\/#\/schema\/logo\/image\/","url":"https:\/\/bodhinautic.com\/wp-content\/uploads\/2024\/01\/BN_LOGO_nuevo.png","contentUrl":"https:\/\/bodhinautic.com\/wp-content\/uploads\/2024\/01\/BN_LOGO_nuevo.png","width":600,"height":247,"caption":"Bodhinautic"},"image":{"@id":"https:\/\/bodhinautic.com\/tienda\/#\/schema\/logo\/image\/"}}]}},"_links":{"self":[{"href":"https:\/\/bodhinautic.com\/tienda\/wp-json\/wp\/v2\/product\/3494","targetHints":{"allow":["GET"]}}],"collection":[{"href":"https:\/\/bodhinautic.com\/tienda\/wp-json\/wp\/v2\/product"}],"about":[{"href":"https:\/\/bodhinautic.com\/tienda\/wp-json\/wp\/v2\/types\/product"}],"wp:featuredmedia":[{"embeddable":true,"href":"https:\/\/bodhinautic.com\/tienda\/wp-json\/wp\/v2\/media\/3531"}],"wp:attachment":[{"href":"https:\/\/bodhinautic.com\/tienda\/wp-json\/wp\/v2\/media?parent=3494"}],"wp:term":[{"taxonomy":"product_brand","embeddable":true,"href":"https:\/\/bodhinautic.com\/tienda\/wp-json\/wp\/v2\/product_brand?post=3494"},{"taxonomy":"product_cat","embeddable":true,"href":"https:\/\/bodhinautic.com\/tienda\/wp-json\/wp\/v2\/product_cat?post=3494"},{"taxonomy":"product_tag","embeddable":true,"href":"https:\/\/bodhinautic.com\/tienda\/wp-json\/wp\/v2\/product_tag?post=3494"}],"curies":[{"name":"wp","href":"https:\/\/api.w.org\/{rel}","templated":true}]}}