{"id":3160,"date":"2025-05-12T12:07:42","date_gmt":"2025-05-12T10:07:42","guid":{"rendered":"https:\/\/bodhinautic.com\/?post_type=product&#038;p=3160"},"modified":"2025-05-22T11:19:25","modified_gmt":"2025-05-22T09:19:25","slug":"sadira-centauro","status":"publish","type":"product","link":"https:\/\/bodhinautic.com\/tienda\/producto\/sadira-centauro\/","title":{"rendered":"SADIRA &#8211; Centauro"},"content":{"rendered":"<p>\u00danico lubricante multiuso desarrollado por expertos para los motores y equipos marinos.<br \/>\nSu principal beneficio est\u00e1 en su f\u00f3rmula:<br \/>\nel producto penetra en los mecanismos poco a poco, movilizando el \u00f3xido y las incrustaciones del salitre, creando una espesa capa protectora para asegurar un excepcional efecto de larga duraci\u00f3n contra la oxidaci\u00f3n, corrosi\u00f3n y picaduras en los metales.<\/p>\n<p>La mejor soluci\u00f3n para el invernaje de embarcaciones.<br \/>\nLubricante multiuso penetrante de \u00f3xido e incrustaciones salinas.<\/p>\n<p>Elimina \u00f3xido, sal y corrosi\u00f3n.<\/p>\n<p>Antioxidante infalible.<\/p>\n<p>Las superficies met\u00e1licas quedan protegidas de la oxidaci\u00f3n, corrosi\u00f3n y picaduras.<\/p>\n<p>Elimina los rozamientos y chirridos entre superficies met\u00e1licas que deslizan.<\/p>\n<p>Disuelve restos de grasas, \u00f3xidos met\u00e1licos y suciedad.<\/p>\n<p>Moviliza los residuos e incrustaciones salobres de origen marino.<\/p>\n<p>Desatasca las partes m\u00f3viles agarrotadas.<\/p>\n<p>Alto rendimiento.<\/p>\n<p>FUERTE DESBLOQUEANTE<br \/>\nPROTECTOR ANTI SALITRE Y CORROSI\u00d3N<br \/>\nPROTECCI\u00d3N DURADERA<\/p>\n<p>DESINCRUSTA \u00d3XIDO Y SAL<br \/>\nLUBRICANTE MULTIUSOS<br \/>\nNO DA\u00d1A LAS PIEZAS DE GOMA, PL\u00c1STICO NI CONEXIONES<\/p>\n<p>&nbsp;<\/p>\n<p>Peso: Spray 650 ml<\/p>\n","protected":false},"excerpt":{"rendered":"<p>\u00danico lubricante multiuso desarrollado por expertos para los motores y equipos marinos. Su principal beneficio est\u00e1 en su f\u00f3rmula: el producto penetra en los mecanismos poco a poco, movilizando el \u00f3xido y las incrustaciones del salitre, creando una espesa capa protectora para asegurar un excepcional efecto de larga duraci\u00f3n contra la oxidaci\u00f3n, corrosi\u00f3n y picaduras &#8230; <a title=\"SADIRA &#8211; Centauro\" class=\"read-more\" href=\"https:\/\/bodhinautic.com\/tienda\/producto\/sadira-centauro\/\" aria-label=\"Leer m\u00e1s sobre SADIRA &#8211; Centauro\">Leer m\u00e1s<\/a><\/p>\n","protected":false},"featured_media":3161,"template":"","meta":{"_acf_changed":false,"_joinchat":[]},"product_brand":[],"product_cat":[45,41],"product_tag":[],"class_list":{"0":"post-3160","1":"product","2":"type-product","3":"status-publish","4":"has-post-thumbnail","6":"product_cat-cuidado-motores","7":"product_cat-limpieza-y-mantenimiento","9":"first","10":"instock","11":"taxable","12":"shipping-taxable","13":"purchasable","14":"product-type-simple"},"acf":[],"yoast_head":"<!-- This site is optimized with the Yoast SEO plugin v26.9 - https:\/\/yoast.com\/product\/yoast-seo-wordpress\/ -->\n<title>SADIRA - Centauro - Bodhinautic<\/title>\n<meta name=\"robots\" content=\"index, follow, max-snippet:-1, max-image-preview:large, max-video-preview:-1\" \/>\n<link rel=\"canonical\" href=\"https:\/\/bodhinautic.com\/tienda\/producto\/sadira-centauro\/\" \/>\n<meta property=\"og:locale\" content=\"es_ES\" \/>\n<meta property=\"og:type\" content=\"article\" \/>\n<meta property=\"og:title\" content=\"SADIRA - Centauro - Bodhinautic\" \/>\n<meta property=\"og:description\" content=\"\u00danico lubricante multiuso desarrollado por expertos para los motores y equipos marinos. Su principal beneficio est\u00e1 en su f\u00f3rmula: el producto penetra en los mecanismos poco a poco, movilizando el \u00f3xido y las incrustaciones del salitre, creando una espesa capa protectora para asegurar un excepcional efecto de larga duraci\u00f3n contra la oxidaci\u00f3n, corrosi\u00f3n y picaduras ... Leer m\u00e1s\" \/>\n<meta property=\"og:url\" content=\"https:\/\/bodhinautic.com\/tienda\/producto\/sadira-centauro\/\" \/>\n<meta property=\"og:site_name\" content=\"Bodhinautic\" \/>\n<meta property=\"article:modified_time\" content=\"2025-05-22T09:19:25+00:00\" \/>\n<meta property=\"og:image\" content=\"https:\/\/bodhinautic.com\/tienda\/wp-content\/uploads\/2025\/05\/sadira-centauro.jpg\" \/>\n\t<meta property=\"og:image:width\" content=\"1000\" \/>\n\t<meta property=\"og:image:height\" content=\"1000\" \/>\n\t<meta property=\"og:image:type\" content=\"image\/jpeg\" \/>\n<meta name=\"twitter:card\" content=\"summary_large_image\" \/>\n<meta name=\"twitter:label1\" content=\"Tiempo de lectura\" \/>\n\t<meta name=\"twitter:data1\" content=\"1 minuto\" \/>\n<script type=\"application\/ld+json\" class=\"yoast-schema-graph\">{\"@context\":\"https:\/\/schema.org\",\"@graph\":[{\"@type\":\"WebPage\",\"@id\":\"https:\/\/bodhinautic.com\/tienda\/producto\/sadira-centauro\/\",\"url\":\"https:\/\/bodhinautic.com\/tienda\/producto\/sadira-centauro\/\",\"name\":\"SADIRA - Centauro - Bodhinautic\",\"isPartOf\":{\"@id\":\"https:\/\/bodhinautic.com\/tienda\/#website\"},\"primaryImageOfPage\":{\"@id\":\"https:\/\/bodhinautic.com\/tienda\/producto\/sadira-centauro\/#primaryimage\"},\"image\":{\"@id\":\"https:\/\/bodhinautic.com\/tienda\/producto\/sadira-centauro\/#primaryimage\"},\"thumbnailUrl\":\"https:\/\/bodhinautic.com\/tienda\/wp-content\/uploads\/2025\/05\/sadira-centauro.jpg\",\"datePublished\":\"2025-05-12T10:07:42+00:00\",\"dateModified\":\"2025-05-22T09:19:25+00:00\",\"breadcrumb\":{\"@id\":\"https:\/\/bodhinautic.com\/tienda\/producto\/sadira-centauro\/#breadcrumb\"},\"inLanguage\":\"es\",\"potentialAction\":[{\"@type\":\"ReadAction\",\"target\":[\"https:\/\/bodhinautic.com\/tienda\/producto\/sadira-centauro\/\"]}]},{\"@type\":\"ImageObject\",\"inLanguage\":\"es\",\"@id\":\"https:\/\/bodhinautic.com\/tienda\/producto\/sadira-centauro\/#primaryimage\",\"url\":\"https:\/\/bodhinautic.com\/tienda\/wp-content\/uploads\/2025\/05\/sadira-centauro.jpg\",\"contentUrl\":\"https:\/\/bodhinautic.com\/tienda\/wp-content\/uploads\/2025\/05\/sadira-centauro.jpg\",\"width\":1000,\"height\":1000},{\"@type\":\"BreadcrumbList\",\"@id\":\"https:\/\/bodhinautic.com\/tienda\/producto\/sadira-centauro\/#breadcrumb\",\"itemListElement\":[{\"@type\":\"ListItem\",\"position\":1,\"name\":\"Portada\",\"item\":\"https:\/\/bodhinautic.com\/tienda\/\"},{\"@type\":\"ListItem\",\"position\":2,\"name\":\"Tienda\",\"item\":\"https:\/\/bodhinautic.com\/tienda\/\"},{\"@type\":\"ListItem\",\"position\":3,\"name\":\"SADIRA &#8211; Centauro\"}]},{\"@type\":\"WebSite\",\"@id\":\"https:\/\/bodhinautic.com\/tienda\/#website\",\"url\":\"https:\/\/bodhinautic.com\/tienda\/\",\"name\":\"Bodhinautic\",\"description\":\"\",\"publisher\":{\"@id\":\"https:\/\/bodhinautic.com\/tienda\/#organization\"},\"potentialAction\":[{\"@type\":\"SearchAction\",\"target\":{\"@type\":\"EntryPoint\",\"urlTemplate\":\"https:\/\/bodhinautic.com\/tienda\/?s={search_term_string}\"},\"query-input\":{\"@type\":\"PropertyValueSpecification\",\"valueRequired\":true,\"valueName\":\"search_term_string\"}}],\"inLanguage\":\"es\"},{\"@type\":\"Organization\",\"@id\":\"https:\/\/bodhinautic.com\/tienda\/#organization\",\"name\":\"Bodhinautic\",\"url\":\"https:\/\/bodhinautic.com\/tienda\/\",\"logo\":{\"@type\":\"ImageObject\",\"inLanguage\":\"es\",\"@id\":\"https:\/\/bodhinautic.com\/tienda\/#\/schema\/logo\/image\/\",\"url\":\"https:\/\/bodhinautic.com\/wp-content\/uploads\/2024\/01\/BN_LOGO_nuevo.png\",\"contentUrl\":\"https:\/\/bodhinautic.com\/wp-content\/uploads\/2024\/01\/BN_LOGO_nuevo.png\",\"width\":600,\"height\":247,\"caption\":\"Bodhinautic\"},\"image\":{\"@id\":\"https:\/\/bodhinautic.com\/tienda\/#\/schema\/logo\/image\/\"}}]}<\/script>\n<!-- \/ Yoast SEO plugin. -->","yoast_head_json":{"title":"SADIRA - Centauro - Bodhinautic","robots":{"index":"index","follow":"follow","max-snippet":"max-snippet:-1","max-image-preview":"max-image-preview:large","max-video-preview":"max-video-preview:-1"},"canonical":"https:\/\/bodhinautic.com\/tienda\/producto\/sadira-centauro\/","og_locale":"es_ES","og_type":"article","og_title":"SADIRA - Centauro - Bodhinautic","og_description":"\u00danico lubricante multiuso desarrollado por expertos para los motores y equipos marinos. Su principal beneficio est\u00e1 en su f\u00f3rmula: el producto penetra en los mecanismos poco a poco, movilizando el \u00f3xido y las incrustaciones del salitre, creando una espesa capa protectora para asegurar un excepcional efecto de larga duraci\u00f3n contra la oxidaci\u00f3n, corrosi\u00f3n y picaduras ... Leer m\u00e1s","og_url":"https:\/\/bodhinautic.com\/tienda\/producto\/sadira-centauro\/","og_site_name":"Bodhinautic","article_modified_time":"2025-05-22T09:19:25+00:00","og_image":[{"width":1000,"height":1000,"url":"https:\/\/bodhinautic.com\/tienda\/wp-content\/uploads\/2025\/05\/sadira-centauro.jpg","type":"image\/jpeg"}],"twitter_card":"summary_large_image","twitter_misc":{"Tiempo de lectura":"1 minuto"},"schema":{"@context":"https:\/\/schema.org","@graph":[{"@type":"WebPage","@id":"https:\/\/bodhinautic.com\/tienda\/producto\/sadira-centauro\/","url":"https:\/\/bodhinautic.com\/tienda\/producto\/sadira-centauro\/","name":"SADIRA - Centauro - Bodhinautic","isPartOf":{"@id":"https:\/\/bodhinautic.com\/tienda\/#website"},"primaryImageOfPage":{"@id":"https:\/\/bodhinautic.com\/tienda\/producto\/sadira-centauro\/#primaryimage"},"image":{"@id":"https:\/\/bodhinautic.com\/tienda\/producto\/sadira-centauro\/#primaryimage"},"thumbnailUrl":"https:\/\/bodhinautic.com\/tienda\/wp-content\/uploads\/2025\/05\/sadira-centauro.jpg","datePublished":"2025-05-12T10:07:42+00:00","dateModified":"2025-05-22T09:19:25+00:00","breadcrumb":{"@id":"https:\/\/bodhinautic.com\/tienda\/producto\/sadira-centauro\/#breadcrumb"},"inLanguage":"es","potentialAction":[{"@type":"ReadAction","target":["https:\/\/bodhinautic.com\/tienda\/producto\/sadira-centauro\/"]}]},{"@type":"ImageObject","inLanguage":"es","@id":"https:\/\/bodhinautic.com\/tienda\/producto\/sadira-centauro\/#primaryimage","url":"https:\/\/bodhinautic.com\/tienda\/wp-content\/uploads\/2025\/05\/sadira-centauro.jpg","contentUrl":"https:\/\/bodhinautic.com\/tienda\/wp-content\/uploads\/2025\/05\/sadira-centauro.jpg","width":1000,"height":1000},{"@type":"BreadcrumbList","@id":"https:\/\/bodhinautic.com\/tienda\/producto\/sadira-centauro\/#breadcrumb","itemListElement":[{"@type":"ListItem","position":1,"name":"Portada","item":"https:\/\/bodhinautic.com\/tienda\/"},{"@type":"ListItem","position":2,"name":"Tienda","item":"https:\/\/bodhinautic.com\/tienda\/"},{"@type":"ListItem","position":3,"name":"SADIRA &#8211; Centauro"}]},{"@type":"WebSite","@id":"https:\/\/bodhinautic.com\/tienda\/#website","url":"https:\/\/bodhinautic.com\/tienda\/","name":"Bodhinautic","description":"","publisher":{"@id":"https:\/\/bodhinautic.com\/tienda\/#organization"},"potentialAction":[{"@type":"SearchAction","target":{"@type":"EntryPoint","urlTemplate":"https:\/\/bodhinautic.com\/tienda\/?s={search_term_string}"},"query-input":{"@type":"PropertyValueSpecification","valueRequired":true,"valueName":"search_term_string"}}],"inLanguage":"es"},{"@type":"Organization","@id":"https:\/\/bodhinautic.com\/tienda\/#organization","name":"Bodhinautic","url":"https:\/\/bodhinautic.com\/tienda\/","logo":{"@type":"ImageObject","inLanguage":"es","@id":"https:\/\/bodhinautic.com\/tienda\/#\/schema\/logo\/image\/","url":"https:\/\/bodhinautic.com\/wp-content\/uploads\/2024\/01\/BN_LOGO_nuevo.png","contentUrl":"https:\/\/bodhinautic.com\/wp-content\/uploads\/2024\/01\/BN_LOGO_nuevo.png","width":600,"height":247,"caption":"Bodhinautic"},"image":{"@id":"https:\/\/bodhinautic.com\/tienda\/#\/schema\/logo\/image\/"}}]}},"_links":{"self":[{"href":"https:\/\/bodhinautic.com\/tienda\/wp-json\/wp\/v2\/product\/3160","targetHints":{"allow":["GET"]}}],"collection":[{"href":"https:\/\/bodhinautic.com\/tienda\/wp-json\/wp\/v2\/product"}],"about":[{"href":"https:\/\/bodhinautic.com\/tienda\/wp-json\/wp\/v2\/types\/product"}],"wp:featuredmedia":[{"embeddable":true,"href":"https:\/\/bodhinautic.com\/tienda\/wp-json\/wp\/v2\/media\/3161"}],"wp:attachment":[{"href":"https:\/\/bodhinautic.com\/tienda\/wp-json\/wp\/v2\/media?parent=3160"}],"wp:term":[{"taxonomy":"product_brand","embeddable":true,"href":"https:\/\/bodhinautic.com\/tienda\/wp-json\/wp\/v2\/product_brand?post=3160"},{"taxonomy":"product_cat","embeddable":true,"href":"https:\/\/bodhinautic.com\/tienda\/wp-json\/wp\/v2\/product_cat?post=3160"},{"taxonomy":"product_tag","embeddable":true,"href":"https:\/\/bodhinautic.com\/tienda\/wp-json\/wp\/v2\/product_tag?post=3160"}],"curies":[{"name":"wp","href":"https:\/\/api.w.org\/{rel}","templated":true}]}}