{"id":3151,"date":"2025-05-12T12:03:33","date_gmt":"2025-05-12T10:03:33","guid":{"rendered":"https:\/\/bodhinautic.com\/?post_type=product&#038;p=3151"},"modified":"2025-05-22T11:14:46","modified_gmt":"2025-05-22T09:14:46","slug":"sadira-limpiador-neumaticas-defensas","status":"publish","type":"product","link":"https:\/\/bodhinautic.com\/tienda\/producto\/sadira-limpiador-neumaticas-defensas\/","title":{"rendered":"SADIRA &#8211; Limpiador Neum\u00e1ticas &#038; Defensas"},"content":{"rendered":"<p>Sin disolventes.<\/p>\n<p>Limpia PVC, caucho, neopreno, Hypal\u00f3n y pl\u00e1stico.<\/p>\n<p>Elimina suciedad, mugre, marcas de calzado y manchas de aceite, humos y l\u00ednea de flotaci\u00f3n.<\/p>\n<p>Utilizar en neum\u00e1ticas, defensas, auxiliares, kayaks y paddleboard.<\/p>\n<p>Renueva y mejora el aspecto.<\/p>\n<p>&nbsp;<\/p>\n<p>NO DA\u00d1A<\/p>\n<p>PROTEGE CONTRA RAYOS UV, ALARGANDO LA VIDA \u00daTIL<\/p>\n<p>ELIMINA MANCHAS DE CALZADO<\/p>\n<p>&nbsp;<\/p>\n<p>Peso: 1 Lt<\/p>\n","protected":false},"excerpt":{"rendered":"<p>Sin disolventes. Limpia PVC, caucho, neopreno, Hypal\u00f3n y pl\u00e1stico. Elimina suciedad, mugre, marcas de calzado y manchas de aceite, humos y l\u00ednea de flotaci\u00f3n. Utilizar en neum\u00e1ticas, defensas, auxiliares, kayaks y paddleboard. Renueva y mejora el aspecto. &nbsp; NO DA\u00d1A PROTEGE CONTRA RAYOS UV, ALARGANDO LA VIDA \u00daTIL ELIMINA MANCHAS DE CALZADO &nbsp; Peso: 1 &#8230; <a title=\"SADIRA &#8211; Limpiador Neum\u00e1ticas &#038; Defensas\" class=\"read-more\" href=\"https:\/\/bodhinautic.com\/tienda\/producto\/sadira-limpiador-neumaticas-defensas\/\" aria-label=\"Leer m\u00e1s sobre SADIRA &#8211; Limpiador Neum\u00e1ticas &#038; Defensas\">Leer m\u00e1s<\/a><\/p>\n","protected":false},"featured_media":3152,"template":"","meta":{"_acf_changed":false,"_joinchat":[]},"product_brand":[],"product_cat":[49,41],"product_tag":[],"class_list":{"0":"post-3151","1":"product","2":"type-product","3":"status-publish","4":"has-post-thumbnail","6":"product_cat-cuidado-neumaticas","7":"product_cat-limpieza-y-mantenimiento","9":"first","10":"instock","11":"taxable","12":"shipping-taxable","13":"purchasable","14":"product-type-simple"},"acf":[],"yoast_head":"<!-- This site is optimized with the Yoast SEO plugin v26.9 - https:\/\/yoast.com\/product\/yoast-seo-wordpress\/ -->\n<title>SADIRA - Limpiador Neum\u00e1ticas &amp; Defensas - Bodhinautic<\/title>\n<meta name=\"robots\" content=\"index, follow, max-snippet:-1, max-image-preview:large, max-video-preview:-1\" \/>\n<link rel=\"canonical\" href=\"https:\/\/bodhinautic.com\/tienda\/producto\/sadira-limpiador-neumaticas-defensas\/\" \/>\n<meta property=\"og:locale\" content=\"es_ES\" \/>\n<meta property=\"og:type\" content=\"article\" \/>\n<meta property=\"og:title\" content=\"SADIRA - Limpiador Neum\u00e1ticas &amp; Defensas - Bodhinautic\" \/>\n<meta property=\"og:description\" content=\"Sin disolventes. Limpia PVC, caucho, neopreno, Hypal\u00f3n y pl\u00e1stico. Elimina suciedad, mugre, marcas de calzado y manchas de aceite, humos y l\u00ednea de flotaci\u00f3n. Utilizar en neum\u00e1ticas, defensas, auxiliares, kayaks y paddleboard. Renueva y mejora el aspecto. &nbsp; NO DA\u00d1A PROTEGE CONTRA RAYOS UV, ALARGANDO LA VIDA \u00daTIL ELIMINA MANCHAS DE CALZADO &nbsp; Peso: 1 ... Leer m\u00e1s\" \/>\n<meta property=\"og:url\" content=\"https:\/\/bodhinautic.com\/tienda\/producto\/sadira-limpiador-neumaticas-defensas\/\" \/>\n<meta property=\"og:site_name\" content=\"Bodhinautic\" \/>\n<meta property=\"article:modified_time\" content=\"2025-05-22T09:14:46+00:00\" \/>\n<meta property=\"og:image\" content=\"https:\/\/bodhinautic.com\/tienda\/wp-content\/uploads\/2025\/05\/sadira-limpiador-neumaticas-1l.jpeg\" \/>\n\t<meta property=\"og:image:width\" content=\"600\" \/>\n\t<meta property=\"og:image:height\" content=\"600\" \/>\n\t<meta property=\"og:image:type\" content=\"image\/jpeg\" \/>\n<meta name=\"twitter:card\" content=\"summary_large_image\" \/>\n<meta name=\"twitter:label1\" content=\"Tiempo de lectura\" \/>\n\t<meta name=\"twitter:data1\" content=\"1 minuto\" \/>\n<script type=\"application\/ld+json\" class=\"yoast-schema-graph\">{\"@context\":\"https:\/\/schema.org\",\"@graph\":[{\"@type\":\"WebPage\",\"@id\":\"https:\/\/bodhinautic.com\/tienda\/producto\/sadira-limpiador-neumaticas-defensas\/\",\"url\":\"https:\/\/bodhinautic.com\/tienda\/producto\/sadira-limpiador-neumaticas-defensas\/\",\"name\":\"SADIRA - Limpiador Neum\u00e1ticas & Defensas - Bodhinautic\",\"isPartOf\":{\"@id\":\"https:\/\/bodhinautic.com\/tienda\/#website\"},\"primaryImageOfPage\":{\"@id\":\"https:\/\/bodhinautic.com\/tienda\/producto\/sadira-limpiador-neumaticas-defensas\/#primaryimage\"},\"image\":{\"@id\":\"https:\/\/bodhinautic.com\/tienda\/producto\/sadira-limpiador-neumaticas-defensas\/#primaryimage\"},\"thumbnailUrl\":\"https:\/\/bodhinautic.com\/tienda\/wp-content\/uploads\/2025\/05\/sadira-limpiador-neumaticas-1l.jpeg\",\"datePublished\":\"2025-05-12T10:03:33+00:00\",\"dateModified\":\"2025-05-22T09:14:46+00:00\",\"breadcrumb\":{\"@id\":\"https:\/\/bodhinautic.com\/tienda\/producto\/sadira-limpiador-neumaticas-defensas\/#breadcrumb\"},\"inLanguage\":\"es\",\"potentialAction\":[{\"@type\":\"ReadAction\",\"target\":[\"https:\/\/bodhinautic.com\/tienda\/producto\/sadira-limpiador-neumaticas-defensas\/\"]}]},{\"@type\":\"ImageObject\",\"inLanguage\":\"es\",\"@id\":\"https:\/\/bodhinautic.com\/tienda\/producto\/sadira-limpiador-neumaticas-defensas\/#primaryimage\",\"url\":\"https:\/\/bodhinautic.com\/tienda\/wp-content\/uploads\/2025\/05\/sadira-limpiador-neumaticas-1l.jpeg\",\"contentUrl\":\"https:\/\/bodhinautic.com\/tienda\/wp-content\/uploads\/2025\/05\/sadira-limpiador-neumaticas-1l.jpeg\",\"width\":600,\"height\":600},{\"@type\":\"BreadcrumbList\",\"@id\":\"https:\/\/bodhinautic.com\/tienda\/producto\/sadira-limpiador-neumaticas-defensas\/#breadcrumb\",\"itemListElement\":[{\"@type\":\"ListItem\",\"position\":1,\"name\":\"Portada\",\"item\":\"https:\/\/bodhinautic.com\/tienda\/\"},{\"@type\":\"ListItem\",\"position\":2,\"name\":\"Tienda\",\"item\":\"https:\/\/bodhinautic.com\/tienda\/\"},{\"@type\":\"ListItem\",\"position\":3,\"name\":\"SADIRA &#8211; Limpiador Neum\u00e1ticas &#038; Defensas\"}]},{\"@type\":\"WebSite\",\"@id\":\"https:\/\/bodhinautic.com\/tienda\/#website\",\"url\":\"https:\/\/bodhinautic.com\/tienda\/\",\"name\":\"Bodhinautic\",\"description\":\"\",\"publisher\":{\"@id\":\"https:\/\/bodhinautic.com\/tienda\/#organization\"},\"potentialAction\":[{\"@type\":\"SearchAction\",\"target\":{\"@type\":\"EntryPoint\",\"urlTemplate\":\"https:\/\/bodhinautic.com\/tienda\/?s={search_term_string}\"},\"query-input\":{\"@type\":\"PropertyValueSpecification\",\"valueRequired\":true,\"valueName\":\"search_term_string\"}}],\"inLanguage\":\"es\"},{\"@type\":\"Organization\",\"@id\":\"https:\/\/bodhinautic.com\/tienda\/#organization\",\"name\":\"Bodhinautic\",\"url\":\"https:\/\/bodhinautic.com\/tienda\/\",\"logo\":{\"@type\":\"ImageObject\",\"inLanguage\":\"es\",\"@id\":\"https:\/\/bodhinautic.com\/tienda\/#\/schema\/logo\/image\/\",\"url\":\"https:\/\/bodhinautic.com\/wp-content\/uploads\/2024\/01\/BN_LOGO_nuevo.png\",\"contentUrl\":\"https:\/\/bodhinautic.com\/wp-content\/uploads\/2024\/01\/BN_LOGO_nuevo.png\",\"width\":600,\"height\":247,\"caption\":\"Bodhinautic\"},\"image\":{\"@id\":\"https:\/\/bodhinautic.com\/tienda\/#\/schema\/logo\/image\/\"}}]}<\/script>\n<!-- \/ Yoast SEO plugin. -->","yoast_head_json":{"title":"SADIRA - Limpiador Neum\u00e1ticas & Defensas - Bodhinautic","robots":{"index":"index","follow":"follow","max-snippet":"max-snippet:-1","max-image-preview":"max-image-preview:large","max-video-preview":"max-video-preview:-1"},"canonical":"https:\/\/bodhinautic.com\/tienda\/producto\/sadira-limpiador-neumaticas-defensas\/","og_locale":"es_ES","og_type":"article","og_title":"SADIRA - Limpiador Neum\u00e1ticas & Defensas - Bodhinautic","og_description":"Sin disolventes. Limpia PVC, caucho, neopreno, Hypal\u00f3n y pl\u00e1stico. Elimina suciedad, mugre, marcas de calzado y manchas de aceite, humos y l\u00ednea de flotaci\u00f3n. Utilizar en neum\u00e1ticas, defensas, auxiliares, kayaks y paddleboard. Renueva y mejora el aspecto. &nbsp; NO DA\u00d1A PROTEGE CONTRA RAYOS UV, ALARGANDO LA VIDA \u00daTIL ELIMINA MANCHAS DE CALZADO &nbsp; Peso: 1 ... Leer m\u00e1s","og_url":"https:\/\/bodhinautic.com\/tienda\/producto\/sadira-limpiador-neumaticas-defensas\/","og_site_name":"Bodhinautic","article_modified_time":"2025-05-22T09:14:46+00:00","og_image":[{"width":600,"height":600,"url":"https:\/\/bodhinautic.com\/tienda\/wp-content\/uploads\/2025\/05\/sadira-limpiador-neumaticas-1l.jpeg","type":"image\/jpeg"}],"twitter_card":"summary_large_image","twitter_misc":{"Tiempo de lectura":"1 minuto"},"schema":{"@context":"https:\/\/schema.org","@graph":[{"@type":"WebPage","@id":"https:\/\/bodhinautic.com\/tienda\/producto\/sadira-limpiador-neumaticas-defensas\/","url":"https:\/\/bodhinautic.com\/tienda\/producto\/sadira-limpiador-neumaticas-defensas\/","name":"SADIRA - Limpiador Neum\u00e1ticas & Defensas - Bodhinautic","isPartOf":{"@id":"https:\/\/bodhinautic.com\/tienda\/#website"},"primaryImageOfPage":{"@id":"https:\/\/bodhinautic.com\/tienda\/producto\/sadira-limpiador-neumaticas-defensas\/#primaryimage"},"image":{"@id":"https:\/\/bodhinautic.com\/tienda\/producto\/sadira-limpiador-neumaticas-defensas\/#primaryimage"},"thumbnailUrl":"https:\/\/bodhinautic.com\/tienda\/wp-content\/uploads\/2025\/05\/sadira-limpiador-neumaticas-1l.jpeg","datePublished":"2025-05-12T10:03:33+00:00","dateModified":"2025-05-22T09:14:46+00:00","breadcrumb":{"@id":"https:\/\/bodhinautic.com\/tienda\/producto\/sadira-limpiador-neumaticas-defensas\/#breadcrumb"},"inLanguage":"es","potentialAction":[{"@type":"ReadAction","target":["https:\/\/bodhinautic.com\/tienda\/producto\/sadira-limpiador-neumaticas-defensas\/"]}]},{"@type":"ImageObject","inLanguage":"es","@id":"https:\/\/bodhinautic.com\/tienda\/producto\/sadira-limpiador-neumaticas-defensas\/#primaryimage","url":"https:\/\/bodhinautic.com\/tienda\/wp-content\/uploads\/2025\/05\/sadira-limpiador-neumaticas-1l.jpeg","contentUrl":"https:\/\/bodhinautic.com\/tienda\/wp-content\/uploads\/2025\/05\/sadira-limpiador-neumaticas-1l.jpeg","width":600,"height":600},{"@type":"BreadcrumbList","@id":"https:\/\/bodhinautic.com\/tienda\/producto\/sadira-limpiador-neumaticas-defensas\/#breadcrumb","itemListElement":[{"@type":"ListItem","position":1,"name":"Portada","item":"https:\/\/bodhinautic.com\/tienda\/"},{"@type":"ListItem","position":2,"name":"Tienda","item":"https:\/\/bodhinautic.com\/tienda\/"},{"@type":"ListItem","position":3,"name":"SADIRA &#8211; Limpiador Neum\u00e1ticas &#038; Defensas"}]},{"@type":"WebSite","@id":"https:\/\/bodhinautic.com\/tienda\/#website","url":"https:\/\/bodhinautic.com\/tienda\/","name":"Bodhinautic","description":"","publisher":{"@id":"https:\/\/bodhinautic.com\/tienda\/#organization"},"potentialAction":[{"@type":"SearchAction","target":{"@type":"EntryPoint","urlTemplate":"https:\/\/bodhinautic.com\/tienda\/?s={search_term_string}"},"query-input":{"@type":"PropertyValueSpecification","valueRequired":true,"valueName":"search_term_string"}}],"inLanguage":"es"},{"@type":"Organization","@id":"https:\/\/bodhinautic.com\/tienda\/#organization","name":"Bodhinautic","url":"https:\/\/bodhinautic.com\/tienda\/","logo":{"@type":"ImageObject","inLanguage":"es","@id":"https:\/\/bodhinautic.com\/tienda\/#\/schema\/logo\/image\/","url":"https:\/\/bodhinautic.com\/wp-content\/uploads\/2024\/01\/BN_LOGO_nuevo.png","contentUrl":"https:\/\/bodhinautic.com\/wp-content\/uploads\/2024\/01\/BN_LOGO_nuevo.png","width":600,"height":247,"caption":"Bodhinautic"},"image":{"@id":"https:\/\/bodhinautic.com\/tienda\/#\/schema\/logo\/image\/"}}]}},"_links":{"self":[{"href":"https:\/\/bodhinautic.com\/tienda\/wp-json\/wp\/v2\/product\/3151","targetHints":{"allow":["GET"]}}],"collection":[{"href":"https:\/\/bodhinautic.com\/tienda\/wp-json\/wp\/v2\/product"}],"about":[{"href":"https:\/\/bodhinautic.com\/tienda\/wp-json\/wp\/v2\/types\/product"}],"wp:featuredmedia":[{"embeddable":true,"href":"https:\/\/bodhinautic.com\/tienda\/wp-json\/wp\/v2\/media\/3152"}],"wp:attachment":[{"href":"https:\/\/bodhinautic.com\/tienda\/wp-json\/wp\/v2\/media?parent=3151"}],"wp:term":[{"taxonomy":"product_brand","embeddable":true,"href":"https:\/\/bodhinautic.com\/tienda\/wp-json\/wp\/v2\/product_brand?post=3151"},{"taxonomy":"product_cat","embeddable":true,"href":"https:\/\/bodhinautic.com\/tienda\/wp-json\/wp\/v2\/product_cat?post=3151"},{"taxonomy":"product_tag","embeddable":true,"href":"https:\/\/bodhinautic.com\/tienda\/wp-json\/wp\/v2\/product_tag?post=3151"}],"curies":[{"name":"wp","href":"https:\/\/api.w.org\/{rel}","templated":true}]}}